6*o + 196 = a. Suppose 3*y + 0 = 12. Calculate the highest common divisor of o and y.
4
Let y = 657 + -605. Suppose y*u = 48*u + 900. Let j be (-2)/(-8) - 359/(-4). Calculate the highest common factor of u and j.
45
Let y be (-74)/148*(-42834)/3. What is the highest common divisor of y and 363?
121
Let s(i) be the first derivative of -19*i**2/2 - 52*i - 25. Let z be s(-4). What is the greatest common factor of z and 64?
8
Let k be ((-20)/(-3))/((-6)/(-180)*151 + -5). What is the highest common factor of 2050 and k?
50
Suppose -x = c - 39, -207*x + 114 = -203*x - 3*c. Suppose -5*l = -46 + 6. Let m = 11 - l. What is the greatest common divisor of x and m?
3
Let o(f) = f**3 + 27*f**2 + 25*f + 82. Let r be o(-26). What is the greatest common factor of r and 19116?
108
Let j = 196 + 38. Let o = j + -222. Calculate the greatest common divisor of 60 and o.
12
Let b be 1*(2 + -5)*-1*(-165)/(-45). Calculate the highest common divisor of b and 539.
11
Let r = 45 - -31. Let d = -39 + r. Let o = d + -23. Calculate the greatest common factor of o and 28.
14
Let c(d) = 2*d**3 + 49*d**2 - 24*d + 52. Let v be (5/(-1))/((-5)/25*-1). Let h be c(v). Calculate the highest common divisor of h and 36.
9
Let l(f) = -f**3 - 10*f**2 + 20*f - 22. Let r be l(-10). Let d be 17/((-255)/r)*(1 - -4). Calculate the greatest common factor of d and 185.
37
Suppose d = -d + 8. Suppose 5 = -5*g + 3*v, 11*v = 12*v - 5. Let p be g - 22/26 - 4/26. What is the highest common factor of d and p?
1
Suppose 55023 = 318*m - 13068 + 10851. Suppose 4*k - k = 432. Calculate the greatest common factor of k and m.
36
Let c(f) = -22*f**2 + 8*f**2 + 3*f**3 + f + 11*f**2 + 4*f + 3. Let p be c(3). Calculate the greatest common factor of 18 and p.
18
Let h = 8279 + -3199. What is the greatest common divisor of 30 and h?
10
Let k = -39 - -46. Suppose 0 = 4*y + 3*p + 16, 2*p + k = y - 0*p. Let h be (2 - y)*115/15. Calculate the highest common factor of 253 and h.
23
Let g be (-168)/70*35/1. Let q = 180 - g. Calculate the greatest common factor of q and 33.
33
Let o be 5 + (-3 - -1) - -117. Let v = o - 126. Let j(k) = k**3 + 8*k**2 - 8*k + 6. Let g be j(v). What is the greatest common divisor of g and 14?
14
Let p = -47 + 39. Let q be -3*(p/3 + 2). Suppose 4*h = -3*o - 18 + 51, 5*o + 23 = q*h. Calculate the highest common divisor of 36 and h.
9
Suppose 27*f = 127*f - 400. What is the highest common divisor of f and 1160?
4
Let k(x) = 3*x + 24. Let n be k(-7). Let g be 10*60/(-18)*n/(-2). What is the highest common factor of g and 75?
25
Suppose -88*k = -52*k - 900. Suppose 3*w - 570 = 4*y, 2*y = -4*w + 2*w - 278. Let d = y + 266. Calculate the greatest common factor of k and d.
25
Suppose -15*q - 60350 = -65*q. What is the highest common divisor of q and 355?
71
Let f = 13310 - 3506. Calculate the highest common factor of 456 and f.
228
Let a = 8278 - 4713. What is the greatest common divisor of a and 620?
155
Suppose 597 - 147 = -789*f + 794*f. Let v be 18/2 - (-1 - 0). Calculate the highest common divisor of v and f.
10
Let g = -61 + 54. Let s(w) = 3*w**2 - 14*w - 29. Let u be s(g). Let n be u/126*(-14)/(-4) + 1. What is the greatest common divisor of 119 and n?
7
Suppose -162*r + 2496 = -138*r. Calculate the highest common divisor of 1144 and r.
104
Let l be (-6 - (-118194)/18) + (-46)/(-69). Calculate the highest common factor of l and 63.
9
Suppose -18*z + 64980 = 125*z - 67*z. Calculate the highest common divisor of 684 and z.
171
Suppose 2496 + 13376 = 31*g. Let j be -6 + g/84 + 166/21. What is the highest common divisor of 128 and j?
8
Let h be (-3510)/(-35) + (-6)/21. Suppose 3*p = -2*t + 2*p + 198, t = -p + h. Let s = t + -88. What is the highest common factor of 4 and s?
2
Let w(q) = q**2 + 35*q + 28. Let l be w(-34). Let p(j) = -j**2 - 23*j - 90. Let t be p(l). Calculate the greatest common divisor of 1308 and t.
12
Suppose 3*z = -12, 0*t - 2*z = 2*t + 8. Suppose -u + 5*q + 225 = 0, t = u + q + 71 - 290. Let p = -15 + 35. What is the highest common factor of p and u?
20
Let z = -268 + 274. Suppose 167 = z*d + 47. What is the highest common divisor of d and 20?
20
Let r(n) = -n**3 + 3*n**2 + 4*n. Let s be r(4). Suppose s*t - 900 = -3*t. Suppose t = 5*p + p. Calculate the highest common divisor of p and 20.
10
Let v(c) = -c**2 - 51*c - 92. Let g(p) = -2*p**2 - 102*p - 187. Let u(j) = -6*g(j) + 13*v(j). Let b be u(-44). What is the highest common factor of 18 and b?
18
Let r = -6435 - -6530. Calculate the greatest common factor of r and 8455.
95
Suppose -295 + 55 = -5*v. Let c = -462915 + 463539. Calculate the greatest common divisor of c and v.
48
Let s be ((-1)/3)/((-6)/774). Let l = 71 - s. Suppose -96*c = -100*c + l. Calculate the highest common divisor of c and 7.
7
Let g(p) = -9*p - 15. Let z be g(-2). Suppose -2*t = 3*x - 17 - 22, z*x + 66 = 5*t. Calculate the highest common factor of t and 1095.
15
Let a = 14 + -9. Let o be (0 - -1) + (22 - 5). Suppose 4*x = 6 - o, 2*y - 2*x = 16. Calculate the greatest common factor of a and y.
5
Let b(c) = -21*c**3 - c**2 + 4*c + 16. Let w be b(-2). Suppose -w = -5*h + 108. What is the highest common divisor of h and 14?
14
Suppose i + 646 = -2*f, 4*i + 7*f + 2584 = 5*f. Let t = i + 971. Calculate the highest common factor of t and 50.
25
Suppose 63 = 5*z + 30 - 447. What is the highest common factor of z and 3624?
24
Let c be 4*(2 + -37)/5 - -2. Let k be -8 + (-230)/c + 4/26. What is the greatest common divisor of k and 19?
1
Suppose 2*f - 11 = -u + 31, -2*u + 109 = -f. What is the highest common factor of 325 and u?
13
Suppose 3920*c - 27765 = 3911*c. What is the highest common divisor of c and 10?
5
Suppose -2*h - 5*i - 1 - 13 = 0, -4*h - 2*i - 44 = 0. Let u be (-56)/h + 1/3. Calculate the greatest common divisor of 55 and u.
5
Suppose 2068 = 5*f + 12*i - 0*i, -5*i = f - 411. Calculate the highest common divisor of 26 and f.
26
Let a = 22 - 10. Suppose -24 = -5*t - 0*w - w, w = 4*t - a. Let i(h) = h**2 - 8*h + 16. Let f be i(3). Calculate the greatest common factor of t and f.
1
Suppose 0 = -4*j + 8, 2*j = -3*g - 0*j + 742. Let n = -218 + g. Calculate the greatest common divisor of 70 and n.
14
Let a = -2125 + 2158. Calculate the highest common divisor of 8 and a.
1
Suppose 75 = 2*n - 13. Suppose -33*j - 1193 = -189*j + 55. Calculate the highest common divisor of j and n.
4
Let t = -96 - -174. Let b = 73 - t. Let y(g) = -4*g - 14. Let c be y(b). Calculate the highest common divisor of c and 66.
6
Let l(t) = t + 44. Let k be l(0). Let n = 442 - 288. Calculate the highest common factor of k and n.
22
Suppose -150 = 8*p + 450. Let q be p/(-9)*((-1 - 1) + 5). Calculate the highest common divisor of q and 5.
5
Let j = 8478 - 8352. Calculate the highest common factor of j and 1602.
18
Let k(x) = 6*x**2 - 5*x + 8. Let s(r) = r**3 - 2*r**2 - 8*r + 4. Let w be s(4). Let n be k(w). Calculate the greatest common divisor of 42 and n.
42
Let x = 1129 - 238. Calculate the greatest common divisor of x and 72.
9
Suppose 7*w + 1986 = w + 5370. What is the highest common factor of w and 48?
12
Suppose 6*c - 14 = -c. Suppose -u = 8*h - 11*h + 12, h - 11 = -c*u. What is the greatest common factor of u and 57?
3
Let g = -4 + 5. Suppose g = q - 2*q. Let d be (45 + 0)*(2 + q). Calculate the greatest common divisor of d and 18.
9
Suppose -3*o + 80 + 217 = 0. Suppose -3*h - o = 4*s, 0 = 6*s - s + 4*h + 123. Let u be 1/(18/4) - 318/s. What is the greatest common factor of u and 48?
12
Suppose 0 = -p - 10*k + 12*k + 27, 5 = -k. Calculate the greatest common divisor of 4471 and p.
17
Let c be (2/(-3))/(3/423). Let w(z) = -z**3 - 21*z**2 + 34*z - 94. Let v be w(-23). Let i = v + c. Calculate the greatest common divisor of i and 22.
22
Let r(s) = -5*s**2 - 73*s + 141. Let a be r(-16). Calculate the greatest common divisor of a and 8.
1
Suppose 73*a - 158536 = -4360. Calculate the greatest common divisor of a and 96.
96
Let j be 2/(-9) - 470/(-450)*5. What is the greatest common factor of 3015 and j?
5
Let u be 17/(51/15) + 643. What is the greatest common factor of 360 and u?
72
Suppose 162*i - 2067 = 3*i. Calculate the greatest common factor of 18616 and i.
13
Let b = -102 + 104. Suppose s = -2*u - 3*s + 28, -46 = -3*u - b*s. What is the highest common factor of 12 and